*s - s + 74. Calculate the remainder when s is divided by 19.
17
Let u(b) = -5*b**3 - b**2 - 7*b - 5. Let h be u(-1). What is the remainder when 138 is divided by 495/66 + 9/h?
3
Suppose 3*q = r + 177, -r + 71 = 2*q - 47. Calculate the remainder when 410 is divided by q.
56
Let q be (32/(-5))/((-5)/25). Let m be 608/114 + (-3)/((-9)/(-4)). Suppose 4*l = -m*w + q, -5*l = w - 0 - 52. Calculate the remainder when 43 is divided by l.
10
Suppose -368 = 197*i - 213*i. Calculate the remainder when 321 is divided by i.
22
Let n(i) = -i**2 + 47*i + 1449. What is the remainder when n(66) is divided by 38?
5
Let n(w) = w**2 - 12*w + 43. Let a be n(7). Suppose 2 + a = 5*h. Suppose 3*j - 25 = 4*i + 6, h*i = 4*j - 48. What is the remainder when 35 is divided by j?
9
Suppose -5*d - 349 = -c, 128*d - 1876 = -4*c + 124*d. Let g = -179 - -270. Calculate the remainder when c is divided by g.
85
Let u(t) = 40*t**2. Suppose -147*g = -291*g + 163*g - 9063. What is the remainder when g is divided by u(-1)?
37
Let r = -115 + 156. Suppose -2*b - r = -4*c - 7*b, -5*b = -25. Suppose 2*v - 6 = 0, a + 6*v - 125 = c*v. What is the remainder when a is divided by 24?
23
Let l(c) = -156*c**2 + 1569*c + 1. Calculate the remainder when l(10) is divided by 53.
38
Let h be 4 - -37 - (1 - -2). Let z = h - 42. Let j(a) = -a**3 - 5*a**2 - 5*a + 4. Calculate the remainder when 13 is divided by j(z).
5
Let f be 10/(-45)*45/(-2). Suppose -5*s + 5 = 5*z, z - f*s - 11 = 8. What is the remainder when 14 is divided by z?
2
Let m = 14871 - 14014. Calculate the remainder when m is divided by 143.
142
Let v = -86996 - -87095. Calculate the remainder when v is divided by 10/1*(-6)/(-4).
9
Let s = 16 + 19. Let p(u) = -39 - 9 - s + 29 - 8*u. Calculate the remainder when p(-10) is divided by 10.
6
Let z(w) = -w + 5. Let l be z(3). Suppose 572 = l*b + 18. Let q = 403716 - 403676. What is the remainder when b is divided by q?
37
Let k(t) = 2*t**2 - 20*t + 11. What is the remainder when k(-10) is divided by 32?
27
Let g(v) = 3*v**2 + v + 0*v**2 - 195*v**3 - 3*v**2. Suppose 5*k - 6*h - 198 = -9*h, -4 = -4*h. What is the remainder when g(-1) is divided by k?
38
Let t = 105 - 103. Suppose 0 = -t*h + 6. Suppose 0 = h*z - 5*v - 77, -14 = -4*z - 5*v + 42. What is the remainder when 56 is divided by z?
18
Let g = -938 - -967. What is the remainder when g is divided by 8/52 - (-193)/13?
14
Let l = 4526 + -4508. Calculate the remainder when 40 is divided by l.
4
Suppose b = -5*c + 146, 5*b + 12 - 22 = -c. What is the remainder when 590 is divided by c?
20
Let h(g) = -g**3 + 4*g**2 + 3*g + 1. Let z be h(4). Suppose s + z = -29. Let w = s + 110. Calculate the remainder when w is divided by 35.
33
Suppose -32*h + 5*a - 1353 = -28*h, -h - 336 = -2*a. Calculate the remainder when 170 is divided by h/(-10) + (-4)/(-5).
30
Suppose 5*p + 70 = -305. Let j = p + 112. Suppose 5*q = 2*s - 523 + 145, q = -2. Calculate the remainder when s is divided by j.
36
Let l = -14692 - -16070. Calculate the remainder when l is divided by 42.
34
Let t(c) = 3*c - 3. Let n be t(-5). Let h be (312/n)/((-1)/12). Let g = -146 + h. Calculate the remainder when g is divided by 16.
14
Suppose -4*v = 8, 2*z = -2*v - 3*v + 356. Suppose -2*a + 126 = 3*l, 0 = 2*a + 9*l - 10*l - 142. Let q = a + -32. What is the remainder when z is divided by q?
35
Suppose 4*u - 3*y + 252 = 2*u, 2*u + 4*y + 224 = 0. Let w = -33 - u. Suppose x + 184 = 4*b, 2*b - 5*b = x - 131. What is the remainder when w is divided by b?
42
Let f(q) = 15*q**2 - 2*q - 9. Let r be f(-5). Let i = r - 335. Let g = 12 - -3. Calculate the remainder when i is divided by g.
11
Let q(h) = h + 20. Let k be q(-13). Calculate the remainder when ((-165)/(-21) + -1)*k + 2 is divided by 18.
14
Let d(v) = 25*v**3 - 2*v**2 + 49*v - 48. Suppose -5*b - 20 = 0, 0 = -5*u - b + 152 - 46. Let i = u - 8. What is the remainder when d(1) is divided by i?
10
Let v = -41873 - -46077. Calculate the remainder when v is divided by 29.
28
Let v(q) = -q. Let p(y) = -5*y - 30. Let u(g) = -p(g) + 4*v(g). Let j be 3/2*150/(-45) + (-16 - 0). Calculate the remainder when 33 is divided by u(j).
6
Suppose 4*g = -0*g. Suppose g = -2*l + 4*p + 44, 4*p = 4*l + 8 - 104. Let q(d) = -183*d - 663. Calculate the remainder when q(-4) is divided by l.
17
Let l be 3 - (-12)/2 - 3. Suppose -5*d = 3*f - l*f - 41, -4*d + 30 = -f. What is the remainder when 40 is divided by d?
5
Suppose -93*g = -148*g - 129*g + 10672. Calculate the remainder when 1391 is divided by g.
57
Suppose -4*t + 10*g + 104 = 7*g, 5*t + 4*g - 68 = 0. What is the remainder when 98 is divided by t?
18
Let w(q) = -17*q - 12. Let j(p) = -33*p - 23. Let s(o) = -6*j(o) + 11*w(o). Let m be s(-8). Let k = m - -124. What is the remainder when k is divided by 26?
16
Suppose -4*v + 56 = 4*r, 0*v + 2*v = -4*r + 38. Suppose -24726 = -1047*d + 87303. What is the remainder when d is divided by v?
8
Let j(q) = -q - 9. Let m be j(-11). Let x(o) = 7*o + 7. Let a = 127 + -68. What is the remainder when a is divided by x(m)?
17
Suppose 9*t = t + 1055 - 127. What is the remainder when t is divided by 8?
4
Suppose -81 + 273 = 8*g. Suppose g*r + 15*r - 234 = 0. Calculate the remainder when 0/(-1) + 50/2 is divided by r.
1
Let i = 614 + -605. What is the remainder when 129 is divided by 81634/1071 - 2/i?
53
Suppose u + 16 = -2*z, -4*u - 5*z = -0*u + 55. Let v(j) = -23*j - 8 - 37 + 14*j. Calculate the remainder when v(u) is divided by 23.
22
Suppose 3*r = a - 2*r - 65, 3*r = -4*a + 352. Calculate the remainder when a is divided by (4 + -26 - -10)/((-3)/(-2)) + 27.
9
Let w(t) = 46*t**3 - 4*t**2 + 3*t - 2. Let m be w(1). Suppose -69 = -3*f + 5*u, 0 = -3*f + 2*u + 35 + m. What is the remainder when f is divided by 11?
6
Suppose -3*s = a - 1138, 4*s - 449 = -5*a + 1050. Calculate the remainder when 1909 is divided by s.
4
Let g(r) = 2*r + 33. Suppose -11*y + 5 = 126. Calculate the remainder when 73 is divided by g(y).
7
Let p(y) = -9*y - 10. Let l be p(-5). Suppose 5*q - 3*d - l = 0, 2*q + 2*d = 5*d + 5. What is the remainder when 59 is divided by 122/q - 10/50?
11
Suppose -5*f = -30, -4*k + 3*f + 1048 = -6650. Calculate the remainder when k is divided by 961.
7
Let k = -7581 - -7945. Let p = -100 - -192. What is the remainder when k is divided by p?
88
Let v = -126 - -131. Suppose 0 = p - 5*d - 55, v*d - d = 5*p - 359. Calculate the remainder when p is divided by 39 + 0*3/(-6).
36
Calculate the remainder when 38 is divided by 23/(-11)*(-7 - 4).
15
Let r be (144/(-32) - (0 + -4))*-86. Suppose 26*a + 3723 = r*a. Calculate the remainder when a is divided by 17.
15
Let w(g) = g**3 - 5*g**2 - 8. Calculate the remainder when w(6) is divided by 100/8 - 4/(80/(-10)).
2
Suppose -12*j + 9168 = -1752. Calculate the remainder when j is divided by 18.
10
Let u be 5*(0 + (-21)/(-35)). Suppose -7*o + 3 = -8*o, u*n = -3*o + 75. Calculate the remainder when n is divided by 20.
8
Suppose 0 = -5*x - 3*w + 4, -2*x - 3*w - 2 = -0. Let y = -344 - -348. What is the remainder when (-26)/(-3) + x/6 is divided by y?
1
Let u = 67 - 9. Calculate the remainder when u is divided by (-3 - -17) + 66/22.
7
Suppose 3*p - 151 = 6*w - 11*w, 4*p = -2*w + 178. Suppose -12*f + 44 = -8*f. What is the remainder when p is divided by f?
9
Suppose 20 = 2*q - 4*y - 96, 5*q - 368 = -3*y. What is the remainder when q is divided by 15?
10
What is the remainder when (-756)/(-21)*(6/2 + 275/10) is divided by 74?
62
Suppose 2*f - 6*f + 178 = -2*f. What is the remainder when 111 is divided by f?
22
Suppose -z = -78 + 8. Calculate the remainder when (-386)/(-7) - 10/z is divided by 14.
13
Calculate the remainder when 776 + (32 - 16) + (-4 - -13) is divided by 7.
3
Suppose 0 = 4*y + 3*k - 1366, -y - 3*k + 405 - 68 = 0. What is the remainder when y is divided by 27?
19
Suppose -197 = -2*f + 14*t - 9*t, -2*f + 190 = 2*t. Calculate the remainder when f is divided by 77.
19
Let o(c) = -c**2 - 11*c + 20. Let a be o(-25). Let r = -304 - a. What is the remainder when 70 is divided by r?
18
Let a(z) = z**3 + 3*z**2 - 19*z - 62. Let g be a(-3). What is the remainder when (-7 - g)*(-149)/2 is divided by 6?
5
Let u(p) = 2*p**2 - 5*p + 1. Let f be u(-5). Suppose -4*j + 6*j = 2*i + f, -j = i - 34. Let d = 308 - 239. What is the remainder when d is 